rime factors of g.
13
Let v(s) be the first derivative of 13*s - 1/2*s**2 - 4 - 1/4*s**4 - 1/3*s**3. What are the prime factors of v(0)?
13
Suppose 0 = -q + 5. Suppose -2*l - 3 = -0*o + o, 0 = -4*l - q*o + 9. Let t = 4 - l. What are the prime factors of t?
2
Let w(d) = d**2 - 4*d - 3. Suppose -21 = -3*b - 57. Let x = b - -17. What are the prime factors of w(x)?
2
Suppose -4*d = -0*l + l - 55, 0 = -l + 4*d + 95. List the prime factors of l.
3, 5
Let s(y) = 116*y**2 + 2*y + 2. What are the prime factors of s(-1)?
2, 29
Suppose 24*i = 10*i + 112. What are the prime factors of i?
2
Let m = 37 + -23. Suppose m = 5*r + t, 3*t = -5*r + 7*t + 19. Let x = 0 + r. What are the prime factors of x?
3
Let u(g) = 4*g. Suppose 1 = -3*o + 4. Suppose z + 0*z = o. List the prime factors of u(z).
2
Let z = -87 + 276. List the prime factors of z.
3, 7
Suppose 4*s = 5*o + 2*s - 895, 0 = 4*o - 2*s - 718. What are the prime factors of o?
3, 59
Suppose 2*g = 6*g - 128. Suppose 2*o + 3*j - g = -5, 0 = o + 3*j - 9. List the prime factors of o.
2, 3
Suppose 10 = 4*w + 4*c - 10, -5*w + 3*c = -9. Let l be 188/(-6)*w/(-2). Suppose -4*k + l = k + 2*z, z + 44 = 5*k. List the prime factors of k.
3
Suppose 8*s = 621 + 891. What are the prime factors of s?
3, 7
Suppose -3*j = -306 + 39. What are the prime factors of j?
89
Let f be (-2)/2 + (0 - -57). Suppose -16 = -4*k + 5*x + f, -3*k + 49 = -5*x. What are the prime factors of k?
23
Suppose 4*c - 493 = -b, -4*c - 5*b - 132 = -613. List the prime factors of c.
2, 31
Suppose -21*x + 4530 = -6*x. What are the prime factors of x?
2, 151
Let n = -49 - -59. What are the prime factors of n?
2, 5
Suppose -3*l - 4*l + 357 = 0. What are the prime factors of l?
3, 17
Suppose -4*i = 3*h - h - 16, -2*h + 2*i - 14 = 0. Let n(m) = -m**2 - 3*m + 2. Let j be n(h). Suppose j + 4 = 4*q. List the prime factors of q.
2
Let h(n) = 3*n**3 - 2*n**2 + 2. List the prime factors of h(2).
2, 3
Let c(u) = -3*u**3 + 3*u**2 + 3. Let v be c(3). List the prime factors of (v/12 - 4)*-4.
3, 11
Let s(n) = -5*n**2 + 10*n + 2. Let l(g) = 11*g**2 - 21*g - 4. Let c(h) = 6*l(h) + 13*s(h). List the prime factors of c(-4).
2
Let j(y) = y**2 + 3*y**2 - y**3 + 0*y**3 - 6*y + 2 + 3*y. What are the prime factors of j(3)?
2
Suppose -b - b + 4 = c, -b + 7 = -2*c. List the prime factors of b.
3
Let p(d) = 9*d. Suppose -3*v + 18 = -4*b, 5*v + 0*b - 44 = 2*b. Suppose -h = o + o - 9, -2*h - v = -3*o. List the prime factors of p(h).
3
Let j(k) = k. Let a be j(5). Let w(c) = c**2 - c + 1. Let y(x) = x**3 - 8*x**2 + 3. Let q(o) = 4*w(o) + y(o). List the prime factors of q(a).
2, 3
Let t be 4/(-14) - 264/(-42). Suppose -z = -4*z - t. What are the prime factors of (30/4)/(z/(-4))?
3, 5
Let n = -174 + 426. What are the prime factors of n?
2, 3, 7
Suppose 0 = -a + 2*a + 3*y - 12, -5*a = -4*y + 16. Suppose -o + 2*o - 14 = a. List the prime factors of o.
2, 7
Suppose y = 2*y - 7. List the prime factors of y.
7
Let u(n) be the second derivative of -n**3/6 - 19*n**2/2 + n. Let i be u(0). Let s = i + 30. List the prime factors of s.
11
Let i be (0*(0 + 1))/2. List the prime factors of 9 - i*(-1)/2.
3
Let f = 28 - 22. List the prime factors of f.
2, 3
Let f be ((-1)/(-2))/((-7)/(-28)). Let d(s) = 3*s + 1. List the prime factors of d(f).
7
Let a(h) = -2*h**3 + h**2. Let p be a(-1). Suppose -4*v + 4*o + 76 = 0, -p*v - 5*o + 85 = 2*v. What are the prime factors of v?
2, 3
Let r(n) = -n + 10. Let x be r(7). Let z(t) = -t**3 - 5*t**2 + 2. Let p be z(-5). Suppose p*h = -x*h + 60. List the prime factors of h.
2, 3
Let b = 572 - 407. List the prime factors of b.
3, 5, 11
Suppose 2*a - 4*a + 96 = 0. Let y = a - 21. What are the prime factors of y?
3
Suppose 6*g = 102 + 450. What are the prime factors of g?
2, 23
Let z(g) = -g**2 - 9*g + 14. Let y be z(-11). What are the prime factors of (-2)/(-8) + (-142)/y?
2, 3
Suppose -2*o - 3*o - 48 = -3*h, 2*o = h - 19. Let g = o - -16. List the prime factors of g.
7
Let u = -135 + 259. List the prime factors of u.
2, 31
Let s be -1 + 0 - (2 - -2). Let m = 4 + s. List the prime factors of 8 - m - 1*2.
7
Suppose -f + 3*f = -4*p + 458, 1210 = 5*f - 3*p. What are the prime factors of f?
239
Suppose 4*g - 21 - 9 = -2*s, -g - 3*s = 0. What are the prime factors of g?
3
Let x(d) = d**2 + 7*d + 8. Let s be x(-7). Let j = 15 - s. What are the prime factors of j?
7
Let n(s) be the third derivative of 0*s + 0 + 3*s**2 - 1/60*s**5 + 5/24*s**4 - 1/2*s**3. List the prime factors of n(2).
3
Let l = 4 - -1. Let p(y) = y - 3. List the prime factors of p(l).
2
Let u(n) = n**3 - 4*n**2 + 4*n - 5. Let h = 1 - -3. What are the prime factors of u(h)?
11
Let g(x) = 2*x**2 - 4*x - 2. What are the prime factors of g(6)?
2, 23
Suppose 36 = 4*p + 3*m, 0*p + 3*p - m = 14. What are the prime factors of 21 - ((0 - 3) + p)?
2, 3
Let y(q) be the second derivative of q**4/6 - q**3/2 - 3*q**2/2 + q. What are the prime factors of y(3)?
2, 3
Let f = 10 + -6. Suppose -2*t + 14 = 3*u - 0, -f*t = 5*u - 26. What are the prime factors of (0 + -1)*(-18)/u?
3
Let o = 8 + -4. Let h = -6 + o. What are the prime factors of 1 + 1 - (-12 - h)?
2, 3
Let f be -4 - 1*-2 - 2. Let m = f - -6. Suppose -a + 5 = -m*v + 2, -a = -5*v. List the prime factors of a.
5
Suppose 4*l + 219 = -0*l + o, 3*l = 3*o - 162. Let u = -28 - l. What are the prime factors of u?
3
Suppose -2*i + 325 = o, 0*o = -4*o - 5*i + 1303. Suppose -3*g = m + 93, 4*m + 0*g = 3*g - o. List the prime factors of (2/3)/((-8)/m).
7
Suppose 6*i - 70 - 98 = 0. What are the prime factors of i?
2, 7
Let t(s) = -2*s**2 + 8*s**2 - 2 + s - s**3 + 2. List the prime factors of t(6).
2, 3
Let n = 0 - 0. Suppose 3*h = -n + 12. Suppose h*q - 20 = -4*w, -3*q - 8 = -2*w + 2. What are the prime factors of w?
5
Let w be -2*6*6/(-8). List the prime factors of (-4 + 6)*w/2.
3
Suppose 4*b = 6 + 18. Suppose -v + b = -0*v. What are the prime factors of v + (-4)/((-12)/(-9))?
3
Suppose 6*x = x. Suppose -5*t - 6*g = -2*g - 134, x = -2*t - g + 53. List the prime factors of t.
2, 13
Let s = -6 + 4. Let r be 0 - s - (2 - 0). Suppose 0 = -5*v - r*v + 50. What are the prime factors of v?
2, 5
Let g = 416 - 225. List the prime factors of g.
191
Let s(m) = 23*m**2 + m + 2. List the prime factors of s(-2).
2, 23
Suppose 0*d - 3 = 3*d. Let c = d + 6. List the prime factors of c.
5
Let u(s) = s**2 - 12*s + 7. Let x be u(9). Let o be (x/6)/((-2)/3). Let t = 12 - o. What are the prime factors of t?
7
Let g be 72/20*(-20)/(-8). Suppose 0 - g = -3*z. List the prime factors of z.
3
Suppose 27 = q - 217. What are the prime factors of q?
2, 61
Suppose -263 = -5*m + 4*m. List the prime factors of m.
263
Let s(f) be the third derivative of -f**5/60 + f**3/3 + 2*f**2. Let i be s(-2). What are the prime factors of 76/10 + i/(-5)?
2
Let j be ((-18)/(-15))/((-4)/(-70)). Let c = j - 10. What are the prime factors of c?
11
Let k be (-28)/(-8)*4/7. Suppose -k*w = w - 12. List the prime factors of w.
2
Let z(q) = -q**2 + 16*q - 18. What are the prime factors of z(10)?
2, 3, 7
Let s(t) = -t**2 + 5*t - 4. Let k be s(3). Suppose 3*y = -k*d + 6 - 3, 2*d + 2*y = 8. List the prime factors of d.
3
Let s = 0 - 0. Suppose s = y + 2*y - 36. What are the prime factors of y?
2, 3
Let l(x) = 4*x**2 - 3*x - 3*x**2 - 4*x**2 + 0*x**2 - 3 - x**3. What are the prime factors of l(-3)?
2, 3
Let x = -9 + 22. Suppose -5*l + 2 = -x. What are the prime factors of l?
3
Suppose 5 = 3*o + 2*f, 0 = -3*o + 2*o + 4*f + 11. Let l(x) = -2*x**o + 5*x**3 - 7*x**2 - 2*x**3 + 7 - 8*x. What are the prime factors of l(8)?
7
Let g(l) = l**3 + 10*l**2 + 6*l + 1. Let j be g(-9). What are the prime factors of 2*(-3)/(-12)*j?
2, 7
Let a(r) = 3*r - 13. Let f be a(5). Suppose 0 - 4 = -b. Suppose -s + b - f = 0. List the prime factors of s.
2
Let f = -3 - -16. Let y = f + -11. List the prime factors of y.
2
Let w = 14 + -9. Suppose -4*q + 80 = -w*x, 4*x - 3*q = q - 68. List the prime factors of ((-4)/12)/(2/x).
2
Let c(h) = h**2 - 6*h - 8. What are the prime factors of c(10)?
2
Let p be (-12)/8*(-4)/3. Suppose p*q - 25 = -7. List the prime factors of q.
3
Let x(y) = y + 7. Let o be x(-5). Let r = o - -1. List the prime factors of r.
3
Let a(q) = q**2 - 4*q - 4. Let g be a(5). Suppose g - 21 = -b. Suppose -2*h - 3*h = -b. List the prime factors 